 -5*m - b = -7206. What is the tens digit of m?
4
Let n(b) = 6*b**2 - 7*b - 43. Let l be n(-5). Suppose -4*q + 21 = 3*s + 5, s - 5*q + 20 = 0. Suppose 5*y - 3*y = -v + l, s = 4*v. What is the tens digit of y?
7
Suppose 5*a + 3*f - 10193 - 6247 = 0, f = 4*a - 13135. What is the hundreds digit of a?
2
Let n = -373 - -734. What is the units digit of n?
1
What is the tens digit of (-14 + 12)/(365/(-355) - -1)?
7
Let h(f) = 27*f - 16. Let z be h(8). Suppose 0 = -0*g - 4*g + z. What is the units digit of g?
0
Suppose -2730 + 90 = -6*a. Suppose 178*b - 174*b = a. What is the tens digit of b?
1
Suppose 3*i + 24 - 6 = 0. Let t = -3 - i. What is the units digit of ((-1)/(-2))/(t/30)?
5
Let g be (-48)/22 + 2 - (-432)/198. Suppose -c + 166 = g*u - 117, -2*u - 2*c = -284. What is the hundreds digit of u?
1
Let s(n) = -n**3 - 8*n**2 + 3*n - 3. Let w(u) = -u**2 + 8*u - 8. Let d be w(8). Let f be s(d). Let g = 31 - f. What is the tens digit of g?
5
Suppose 0 = -10*m + 5*m - 25. Let t be (-22)/m - (-39)/65. Suppose 8*w - 108 = t*w. What is the tens digit of w?
3
Suppose -49 = -4*o + 15. Suppose 5*c + 9 + o = 0. What is the tens digit of (17/2)/(c/(-10))?
1
Suppose -6*f + 9*f + 15 = 0. Let t be f/(75/20)*-102. Suppose -t = -6*p + 266. What is the tens digit of p?
6
Suppose -7*y = -10*y + 264. Suppose 3*u = -u + y. What is the units digit of u?
2
Suppose -1163 = 20*j - 11323. What is the tens digit of j?
0
Suppose 2*t + 3021 = 4*t + 3*u, -2*t + 3020 = 4*u. What is the units digit of t?
2
Let h(p) = -20*p + 42. Let l = 107 + -119. What is the units digit of h(l)?
2
Suppose k - 4*h = 30, -6*h - 2 = k - 2*h. Suppose -3*b + k = -1. What is the units digit of (b - 0)*(1 + 12)?
5
Suppose z - 2*o = -7, -8 = z + 3*o + 9. Let c = 14 + z. Suppose 3*l = 5*a - 140, -c*a - l + 45 = -39. What is the units digit of a?
8
Suppose 3*b + o - 217 + 34 = 0, 5*b - 294 = 2*o. Let a = b - 9. What is the units digit of a?
1
What is the hundreds digit of -52*(1345/(-20) + -8)?
9
Suppose -5*f - 1105 = -3*a, 3*a + 3*f - 431 - 706 = 0. What is the hundreds digit of a?
3
Let q(m) = 12*m**2 + 5*m - 133. What is the hundreds digit of q(-14)?
1
Let r(y) = -y**3 - 4*y**2 + 5*y + 4. Let z be (4 - 9)/(2/2). Let c be r(z). Suppose -c*l = -3*f - 79 + 15, -85 = -5*l + 5*f. What is the tens digit of l?
1
Let a = -61 + 63. Let f(n) = 17*n**2 + 3*n - 3. What is the units digit of f(a)?
1
Suppose -o - 5 = -3*q - 2*o, 0 = 5*q - 2*o - 23. Let x(d) = q*d + 3 + 2*d - 9 + 2*d. What is the tens digit of x(6)?
3
Let y(o) = -4*o - 9*o**2 - o**3 - 3 - o - 4*o. Let j be y(-8). Suppose l - j*l = -64. What is the units digit of l?
6
Let n(a) = -a**2 + 9*a - 4. Suppose -12 = 2*v + 4*v. Let y be 184/32 + v/(-8). What is the units digit of n(y)?
4
Let m = 1151 + 391. What is the thousands digit of m?
1
Let k be 477/6*(-64)/12. Let z be k/(-8) + 2*2. Let s = 115 - z. What is the units digit of s?
8
Suppose 15065 + 9959 = 16*b. What is the tens digit of b?
6
Suppose -2*j = -0*j + p + 35, 4*p = 3*j + 36. Let d = j + 19. Suppose -d*x = -7*x + 20. What is the units digit of x?
5
Let h(a) = -4*a + 40. Let c be h(11). Let j(n) = -28*n - 17. What is the units digit of j(c)?
5
Let y(l) be the second derivative of l**5/20 - 5*l**4/12 - l**3/2 + 31*l**2/2 - 14*l. What is the units digit of y(9)?
8
Let b(g) = -10*g + 7. Let o = -21 + 18. What is the tens digit of b(o)?
3
What is the hundreds digit of (-6)/4*8428/(-21)?
6
Suppose -4*y + 19 = -5*x, -4*x - 7 = y + 4. Let w be 3 - 1/(x - -2). Suppose 2*r + m - 48 = 0, -4*r + w*m + 22 = -74. What is the tens digit of r?
2
Let f be 9/(-6)*12/(-6). Suppose 0*m + 2*m = -f*t + 13, 3*m = 4*t - 6. Suppose z + 104 = 5*z + 4*g, -m*z = -4*g - 82. What is the units digit of z?
1
Let j(l) = -5*l**3 + l. Let s be j(-1). Suppose -3*f = s*t - 2, f - 3 = -f - t. Suppose f*r - 38 = -2*m - 0*m, 0 = -4*m - 3*r + 79. What is the tens digit of m?
2
Let j(v) = -3*v - 11. Let p(w) = w**2 - 12*w + 8. Let i be p(10). Let b be j(i). Let m = b + 6. What is the units digit of m?
1
Let j = 1977 - -288. What is the tens digit of j?
6
Let m(i) = 22*i + 1. Let f be m(-4). Let o = f + 144. What is the units digit of o?
7
Let f = -3 - -3. Suppose f = -4*x + x + 132. Let z = 70 - x. What is the tens digit of z?
2
Suppose -2331 = 5*o - 17706. What is the units digit of o?
5
Let z = 10 - 68. Let m = 91 + z. What is the units digit of m?
3
Suppose 1500 = 12*c - 7*c. What is the tens digit of c?
0
Let h be (-4)/(-1 + -1 - 0). Suppose -x + 0 + h = 0. Suppose 0 = -r - 5*l + 27, x*l = -r - l + 21. What is the units digit of r?
2
Suppose -14*l - 271 = -859. What is the units digit of l?
2
Suppose -6*y - 64 = -y + 3*s, 3*s = -4*y - 53. Let a(v) be the third derivative of -v**4/4 + 63*v**2. What is the units digit of a(y)?
6
Suppose 2*n = 3*n - 1. Suppose -2*m = 2, 4*m + 13 = 2*y + y. Suppose y*z - 38 - n = 0. What is the units digit of z?
3
Suppose -4*p - 3 = -223. Let x = p + -25. What is the units digit of x?
0
Let n(f) = 20*f - 10. Suppose -3*i + 5*s = -2*i - 22, 0 = i + 3*s + 10. Let w = i - -2. What is the units digit of n(w)?
0
Suppose -2*k + 4*q + 2 = 0, 5*k - 3*q = -2*q + 32. Let l be k*-1 + (2 - -1). What is the units digit of 1*l/4*-23?
3
Let a(m) = m**3 + 10*m**2 + 25*m + 1. Let z be a(-5). Suppose z = 2*n - 13. What is the units digit of n?
7
Let x = 1 + 5. Let v = x - 11. What is the units digit of (-5)/(-2)*(-26)/v?
3
Let t = 1299 - 416. What is the hundreds digit of t?
8
Let d = 57 + -54. Suppose d*f - 4*i - 428 = 0, 4*f - 5*i = -3*i + 574. What is the hundreds digit of f?
1
Suppose 97 + 83 = -5*z. Let y = 33 - z. What is the units digit of y?
9
Let b = 20 - 55. What is the units digit of (-136)/(-14) + (-10)/b?
0
Suppose -1697 + 4251 = 2*m. What is the hundreds digit of m?
2
Let o be ((-9)/(-15))/((13/10)/13). Let l(y) be the first derivative of y**3/3 - y**2/2 - 5*y + 1. What is the units digit of l(o)?
5
Suppose 5*t - 3*y - 67 = 0, 0*t + 4*t - 61 = -5*y. Let s = t - 8. What is the tens digit of (192/s)/(2 - 1)?
3
Suppose -2*n - 2120 = -5*x - 6*n, -1685 = -4*x - n. What is the tens digit of x?
2
Let p(v) = v**3 + 6*v**2 - 6*v + 5. Let z be p(-6). Let u = -174 - -244. Let w = u - z. What is the tens digit of w?
2
Let v(h) = 6*h**2 - 16*h + 81. Let i(s) = 2*s**2 - 5*s + 27. Let g(t) = -17*i(t) + 6*v(t). What is the tens digit of g(8)?
6
What is the units digit of 7547/7 - (-6)/7?
9
Suppose -4*x - 603 + 1419 = 4*a, 0 = 3*x + a - 604. What is the units digit of 222/(-8)*x/(-75)?
4
Suppose -24 + 4 = 5*i. What is the units digit of 0*(i + 5) + 1?
1
Suppose -4047 = -6*p + 2325. What is the tens digit of p?
6
Let x be (3/(-2))/(69/(-30) - -2). Suppose -5*d + 3*q + 819 = 0, d - x*q = 140 + 15. What is the units digit of d?
5
Suppose -n + 0*n = -4*i + 61, -2*n = -5*i + 77. Suppose 17*a - i*a = 86. What is the units digit of a?
3
Suppose 21*v + 8*v - 35670 = 0. What is the units digit of v?
0
Let a = 4046 - 1994. What is the thousands digit of a?
2
Let b = 395 - -140. Suppose 0 = -3*y + 3*o + 315, -5*y = -3*o - 0*o - b. What is the hundreds digit of y?
1
Let y(j) = j**3 - 6*j**2 + 3*j + 12. Let q be y(6). Let d = 27 - 39. Let t = q - d. What is the units digit of t?
2
Let t(w) = 11*w - 1. What is the units digit of t(17)?
6
Let b(c) = c**2 + 6*c + 4. Let o be b(-6). Suppose 4*q - 2*z + 150 = 0, 3*q = -o*z + 6*z - 112. Let s = q + 39. What is the units digit of s?
1
Let c = -453 - -544. What is the units digit of c?
1
Let t be (7/14 - -1)/(6/4). What is the units digit of 1/t*-4 + 89?
5
Let i = -11 - -9. Let n = 39 - i. What is the units digit of n?
1
Let p(q) be the first derivative of -1/2*q**2 + q + 23/3*q**3 - 2. What is the tens digit of p(1)?
2
Let j(n) be the first derivative of n**3 + 12*n**2 + 17*n - 35. What is the tens digit of j(-12)?
6
Let p = -45 + 45. Suppose d - 12*d + 1716 = p. What is the units digit of d?
6
Let p(l) = l**2 - 6*l + 5. Let g be 2/8 + (-207)/(-36). Let x be p(g). Suppose 0 = -w + x*w - 20. What is the units digit of w?
5
Let m(r) = -r**3 + 4*r**2 + 6*r - 3. Let w be m(5). Let b = 4 - w. Suppose 64 = -0*x + b*x - 2*g, 5*g + 55 = 2*x. What is the tens digit of x?
3
What is the tens digit of 36/(-15)*(-115)/1?
7
Let x(p) = -2 - 2*p**2 + p**2 - p**3 + 4*p**2 - 6*p**2 - 3*p. Let v be x(-2).